{"id":48,"date":"2018-07-11T16:46:15","date_gmt":"2018-07-11T16:46:15","guid":{"rendered":"http:\/\/80.211.164.58\/?page_id=48"},"modified":"2023-04-12T04:53:12","modified_gmt":"2023-04-12T04:53:12","slug":"hvis-du-skal-i-sommerhus-eller-lejlighed","status":"publish","type":"page","link":"https:\/\/rejsnu.dk\/?page_id=48","title":{"rendered":"SOMMERHUS\/LEJLIGHED"},"content":{"rendered":"<p><label><input type=\"checkbox\" id=\"frontend-checklist-15-item-0\" onchange=\"frontend_checklist_checkbox_changed(15, 1, 30)\"> Sukker<\/label><\/p><p><label><input type=\"checkbox\" id=\"frontend-checklist-15-item-1\" onchange=\"frontend_checklist_checkbox_changed(15, 1, 30)\"> Salt<\/label><\/p><p><label><input type=\"checkbox\" id=\"frontend-checklist-15-item-2\" onchange=\"frontend_checklist_checkbox_changed(15, 1, 30)\"> Peber<\/label><\/p><p><label><input type=\"checkbox\" id=\"frontend-checklist-15-item-3\" onchange=\"frontend_checklist_checkbox_changed(15, 1, 30)\"> Opvaskemiddel<\/label><\/p><p><label><input type=\"checkbox\" id=\"frontend-checklist-15-item-4\" onchange=\"frontend_checklist_checkbox_changed(15, 1, 30)\"> Bagepapir<\/label><\/p><p><label><input type=\"checkbox\" id=\"frontend-checklist-15-item-5\" onchange=\"frontend_checklist_checkbox_changed(15, 1, 30)\"> Husholdningsfilm<\/label><\/p><p><label><input type=\"checkbox\" id=\"frontend-checklist-15-item-6\" onchange=\"frontend_checklist_checkbox_changed(15, 1, 30)\"> Staniol<\/label><\/p><p><label><input type=\"checkbox\" id=\"frontend-checklist-15-item-7\" onchange=\"frontend_checklist_checkbox_changed(15, 1, 30)\"> Svamp\/b\u00f8rste<\/label><\/p><p><label><input type=\"checkbox\" id=\"frontend-checklist-15-item-8\" onchange=\"frontend_checklist_checkbox_changed(15, 1, 30)\"> Vinoplukker<\/label><\/p><p><label><input type=\"checkbox\" id=\"frontend-checklist-15-item-9\" onchange=\"frontend_checklist_checkbox_changed(15, 1, 30)\"> Urtekniv<\/label><\/p><p><label><input type=\"checkbox\" id=\"frontend-checklist-15-item-10\" onchange=\"frontend_checklist_checkbox_changed(15, 1, 30)\"> Hvidl\u00f8gspresser<\/label><\/p><p><label><input type=\"checkbox\" id=\"frontend-checklist-15-item-11\" onchange=\"frontend_checklist_checkbox_changed(15, 1, 30)\"> Br\u00f8dkniv<\/label><\/p><p><label><input type=\"checkbox\" id=\"frontend-checklist-15-item-12\" onchange=\"frontend_checklist_checkbox_changed(15, 1, 30)\"> Kartoffelskr\u00e6ller<\/label><\/p><p><label><input type=\"checkbox\" id=\"frontend-checklist-15-item-13\" onchange=\"frontend_checklist_checkbox_changed(15, 1, 30)\"> H\u00e5nds\u00e6be<\/label><\/p><p><label><input type=\"checkbox\" id=\"frontend-checklist-15-item-14\" onchange=\"frontend_checklist_checkbox_changed(15, 1, 30)\"> Toiletpapir<\/label><\/p><p><label><input type=\"checkbox\" id=\"frontend-checklist-15-item-15\" onchange=\"frontend_checklist_checkbox_changed(15, 1, 30)\"> Lighter<\/label><\/p><p><label><input type=\"checkbox\" id=\"frontend-checklist-15-item-16\" onchange=\"frontend_checklist_checkbox_changed(15, 1, 30)\"> Stearinlys<\/label><\/p><p><label><input type=\"checkbox\" id=\"frontend-checklist-15-item-17\" onchange=\"frontend_checklist_checkbox_changed(15, 1, 30)\"> Isterningposer<\/label><\/p><p><label><input type=\"checkbox\" id=\"frontend-checklist-15-item-18\" onchange=\"frontend_checklist_checkbox_changed(15, 1, 30)\"> Viskestykker<\/label><\/p><p><label><input type=\"checkbox\" id=\"frontend-checklist-15-item-19\" onchange=\"frontend_checklist_checkbox_changed(15, 1, 30)\"> H\u00e5ndkl\u00e6der til k\u00f8kken<\/label><\/p><p><label><input type=\"checkbox\" id=\"frontend-checklist-15-item-20\" onchange=\"frontend_checklist_checkbox_changed(15, 1, 30)\"> Karklud<\/label><\/p><p><label><input type=\"checkbox\" id=\"frontend-checklist-15-item-21\" onchange=\"frontend_checklist_checkbox_changed(15, 1, 30)\"> Elastikker<\/label><\/p><p><label><input type=\"checkbox\" id=\"frontend-checklist-15-item-22\" onchange=\"frontend_checklist_checkbox_changed(15, 1, 30)\"> Poseklemmer<\/label><\/p><p><label><input type=\"checkbox\" id=\"frontend-checklist-15-item-23\" onchange=\"frontend_checklist_checkbox_changed(15, 1, 30)\"> Fryseposer<\/label><\/p><p><label><input type=\"checkbox\" id=\"frontend-checklist-15-item-24\" onchange=\"frontend_checklist_checkbox_changed(15, 1, 30)\"> T\u00f8jsnor<\/label><\/p><p><label><input type=\"checkbox\" id=\"frontend-checklist-15-item-25\" onchange=\"frontend_checklist_checkbox_changed(15, 1, 30)\"> Klemmer<\/label><\/p><p><label><input type=\"checkbox\" id=\"frontend-checklist-15-item-26\" onchange=\"frontend_checklist_checkbox_changed(15, 1, 30)\"> Vaskepulver<\/label><\/p><p><label><input type=\"checkbox\" id=\"frontend-checklist-15-item-27\" onchange=\"frontend_checklist_checkbox_changed(15, 1, 30)\"> Opvasketabletter<\/label><\/p><p><label><input type=\"checkbox\" id=\"frontend-checklist-15-item-28\" onchange=\"frontend_checklist_checkbox_changed(15, 1, 30)\"> Bordventilatorer<\/label><\/p><p><label><input type=\"checkbox\" id=\"frontend-checklist-15-item-29\" onchange=\"frontend_checklist_checkbox_changed(15, 1, 30)\"> Senget\u00f8j<\/label><\/p><p><label><input type=\"checkbox\" id=\"frontend-checklist-15-item-30\" onchange=\"frontend_checklist_checkbox_changed(15, 1, 30)\"> H\u00e5ndkl\u00e6der<\/label><\/p><p><label><input type=\"checkbox\" id=\"frontend-checklist-15-item-31\" onchange=\"frontend_checklist_checkbox_changed(15, 1, 30)\"> Kaffe<\/label><\/p><p><label><input type=\"checkbox\" id=\"frontend-checklist-15-item-32\" onchange=\"frontend_checklist_checkbox_changed(15, 1, 30)\"> The<\/label><\/p><script type=\"text\/javascript\">frontend_checklist_load_status(15, 1);<\/script>\n","protected":false},"excerpt":{"rendered":"","protected":false},"author":1,"featured_media":0,"parent":0,"menu_order":0,"comment_status":"closed","ping_status":"closed","template":"","meta":{"footnotes":""},"class_list":["post-48","page","type-page","status-publish","hentry"],"_links":{"self":[{"href":"https:\/\/rejsnu.dk\/index.php?rest_route=\/wp\/v2\/pages\/48","targetHints":{"allow":["GET"]}}],"collection":[{"href":"https:\/\/rejsnu.dk\/index.php?rest_route=\/wp\/v2\/pages"}],"about":[{"href":"https:\/\/rejsnu.dk\/index.php?rest_route=\/wp\/v2\/types\/page"}],"author":[{"embeddable":true,"href":"https:\/\/rejsnu.dk\/index.php?rest_route=\/wp\/v2\/users\/1"}],"replies":[{"embeddable":true,"href":"https:\/\/rejsnu.dk\/index.php?rest_route=%2Fwp%2Fv2%2Fcomments&post=48"}],"version-history":[{"count":7,"href":"https:\/\/rejsnu.dk\/index.php?rest_route=\/wp\/v2\/pages\/48\/revisions"}],"predecessor-version":[{"id":258,"href":"https:\/\/rejsnu.dk\/index.php?rest_route=\/wp\/v2\/pages\/48\/revisions\/258"}],"wp:attachment":[{"href":"https:\/\/rejsnu.dk\/index.php?rest_route=%2Fwp%2Fv2%2Fmedia&parent=48"}],"curies":[{"name":"wp","href":"https:\/\/api.w.org\/{rel}","templated":true}]}}